{"id":65,"date":"2012-01-28T17:05:12","date_gmt":"2012-01-28T17:05:12","guid":{"rendered":"http:\/\/www.lifecards.com.br\/?page_id=65"},"modified":"2017-05-03T13:54:36","modified_gmt":"2017-05-03T13:54:36","slug":"life-card-convenio-2","status":"publish","type":"page","link":"https:\/\/www.lifecards.com.br\/?page_id=65","title":{"rendered":"Life Card Conv\u00eanio"},"content":{"rendered":"<p><img loading=\"lazy\" decoding=\"async\" class=\"alignnone size-full wp-image-512\" alt=\"img_inter_01b\" src=\"http:\/\/www.lifecards.com.br\/wp-content\/uploads\/2012\/01\/img_inter_01b.jpg\" width=\"600\" height=\"200\" srcset=\"https:\/\/www.lifecards.com.br\/wp-content\/uploads\/2012\/01\/img_inter_01b.jpg 600w, https:\/\/www.lifecards.com.br\/wp-content\/uploads\/2012\/01\/img_inter_01b-300x100.jpg 300w\" sizes=\"(max-width: 600px) 100vw, 600px\" \/><\/p>\n<p><strong>Life Card Conv\u00eanio<\/strong> \u00e9 um cart\u00e3o de benef\u00edcios m\u00faltiplos que facilita o acesso \u00e0 sa\u00fade e engloba a gest\u00e3o integrada de todos os conv\u00eanios oferecidos pela empresa, possibilitando comprar em farm\u00e1cias, supermercados, postos, \u00f3ticas e lojas, com a tranquilidade do desconto em Folha e at\u00e9 40 dias para pagar. Permite utilizar Rede Complementar \u00e0 Sa\u00fade que oferece acesso imediato a consultas e procedimentos m\u00e9dicos com valores diferenciados, sem prazo de car\u00eancia e restri\u00e7\u00e3o de dependentes.<\/p>\n<p><strong>Vantagens <\/strong><\/p>\n<p>\u2022 Gest\u00e3o total dos conv\u00eanios, possibilitando ao RH maior dedica\u00e7\u00e3o a sua fun\u00e7\u00e3o.<br \/>\n\u2022 Gerenciamento total do cart\u00e3o com controle de gastos em tempo real.<br \/>\n\u2022 Melhoria do Fluxo de Caixa da empresa, com redu\u00e7\u00e3o de adiantamentos ou vales.<br \/>\n\u2022 Seguran\u00e7a total e bloqueio autom\u00e1tico em caso de demiss\u00e3o ou uso indevido.<br \/>\n\u2022 Acesso \u00e0 Rede Complementar \u00e0 Sa\u00fade, com valores diferenciados em consultas m\u00e9dicas e exames.<br \/>\n\u2022 Contrata\u00e7\u00e3o de Plano Odontol\u00f3gico com valores especiais para toda fam\u00edlia.<br \/>\n\u2022 Maior produtividade em fun\u00e7\u00e3o de melhores condi\u00e7\u00f5es de sa\u00fade do colaborador.<br \/>\n\u2022 Vantagens na compra de medicamentos com receita m\u00e9dica.<br \/>\n\u2022 Ampla Rede Credenciada de estabelecimentos comerciais.<br \/>\n\u2022 Limite de cr\u00e9dito estabelecido pela empresa, sem possibilitar endividamento.<\/p>\n","protected":false},"excerpt":{"rendered":"<p>Life Card Conv\u00eanio \u00e9 um cart\u00e3o de benef\u00edcios m\u00faltiplos que facilita o acesso \u00e0 sa\u00fade e engloba a gest\u00e3o integrada de todos os conv\u00eanios oferecidos pela empresa, possibilitando comprar em farm\u00e1cias, supermercados, postos, \u00f3ticas e lojas, com a tranquilidade do &hellip; <a href=\"https:\/\/www.lifecards.com.br\/?page_id=65\">Continue lendo <span class=\"meta-nav\">&rarr;<\/span><\/a><\/p>\n","protected":false},"author":1,"featured_media":0,"parent":0,"menu_order":0,"comment_status":"closed","ping_status":"open","template":"","meta":{"footnotes":""},"_links":{"self":[{"href":"https:\/\/www.lifecards.com.br\/index.php?rest_route=\/wp\/v2\/pages\/65"}],"collection":[{"href":"https:\/\/www.lifecards.com.br\/index.php?rest_route=\/wp\/v2\/pages"}],"about":[{"href":"https:\/\/www.lifecards.com.br\/index.php?rest_route=\/wp\/v2\/types\/page"}],"author":[{"embeddable":true,"href":"https:\/\/www.lifecards.com.br\/index.php?rest_route=\/wp\/v2\/users\/1"}],"replies":[{"embeddable":true,"href":"https:\/\/www.lifecards.com.br\/index.php?rest_route=%2Fwp%2Fv2%2Fcomments&post=65"}],"version-history":[{"count":19,"href":"https:\/\/www.lifecards.com.br\/index.php?rest_route=\/wp\/v2\/pages\/65\/revisions"}],"predecessor-version":[{"id":516,"href":"https:\/\/www.lifecards.com.br\/index.php?rest_route=\/wp\/v2\/pages\/65\/revisions\/516"}],"wp:attachment":[{"href":"https:\/\/www.lifecards.com.br\/index.php?rest_route=%2Fwp%2Fv2%2Fmedia&parent=65"}],"curies":[{"name":"wp","href":"https:\/\/api.w.org\/{rel}","templated":true}]}}