{"id":104,"date":"2012-01-28T21:10:30","date_gmt":"2012-01-28T21:10:30","guid":{"rendered":"http:\/\/www.lifecards.com.br\/?page_id=104"},"modified":"2017-05-03T13:55:20","modified_gmt":"2017-05-03T13:55:20","slug":"vantagens-3","status":"publish","type":"page","link":"https:\/\/www.lifecards.com.br\/?page_id=104","title":{"rendered":"Vantagens"},"content":{"rendered":"<p><strong>O seu Life Card oferece in\u00fameras vantagens para voc\u00ea. Aproveite a vida com ele e usufrua de todos os benef\u00edcios. <\/strong><\/p>\n<p>\u2022 Ampla Rede Conveniada de servi\u00e7os de sa\u00fade e estabelecimentos comerciais.<br \/>\n\u2022 Utiliza\u00e7\u00e3o imediata dos servi\u00e7os na \u00e1rea da sa\u00fade, sem prazo de car\u00eancia.<br \/>\n\u2022 Possibilidade de parcelamento em compras e procedimentos na \u00e1rea da sa\u00fade.<br \/>\n\u2022 Oportunidade de pagar compras e servi\u00e7os com cart\u00e3o.<br \/>\n\u2022 Desconto em Folha e at\u00e9 40 dias para pagar.<br \/>\n\u2022 Cart\u00e3o adicional para dependentes legais.<\/p>\n","protected":false},"excerpt":{"rendered":"<p>O seu Life Card oferece in\u00fameras vantagens para voc\u00ea. Aproveite a vida com ele e usufrua de todos os benef\u00edcios. \u2022 Ampla Rede Conveniada de servi\u00e7os de sa\u00fade e estabelecimentos comerciais. \u2022 Utiliza\u00e7\u00e3o imediata dos servi\u00e7os na \u00e1rea da sa\u00fade, &hellip; <a href=\"https:\/\/www.lifecards.com.br\/?page_id=104\">Continue lendo <span class=\"meta-nav\">&rarr;<\/span><\/a><\/p>\n","protected":false},"author":1,"featured_media":0,"parent":125,"menu_order":0,"comment_status":"closed","ping_status":"open","template":"","meta":{"footnotes":""},"_links":{"self":[{"href":"https:\/\/www.lifecards.com.br\/index.php?rest_route=\/wp\/v2\/pages\/104"}],"collection":[{"href":"https:\/\/www.lifecards.com.br\/index.php?rest_route=\/wp\/v2\/pages"}],"about":[{"href":"https:\/\/www.lifecards.com.br\/index.php?rest_route=\/wp\/v2\/types\/page"}],"author":[{"embeddable":true,"href":"https:\/\/www.lifecards.com.br\/index.php?rest_route=\/wp\/v2\/users\/1"}],"replies":[{"embeddable":true,"href":"https:\/\/www.lifecards.com.br\/index.php?rest_route=%2Fwp%2Fv2%2Fcomments&post=104"}],"version-history":[{"count":10,"href":"https:\/\/www.lifecards.com.br\/index.php?rest_route=\/wp\/v2\/pages\/104\/revisions"}],"predecessor-version":[{"id":517,"href":"https:\/\/www.lifecards.com.br\/index.php?rest_route=\/wp\/v2\/pages\/104\/revisions\/517"}],"up":[{"embeddable":true,"href":"https:\/\/www.lifecards.com.br\/index.php?rest_route=\/wp\/v2\/pages\/125"}],"wp:attachment":[{"href":"https:\/\/www.lifecards.com.br\/index.php?rest_route=%2Fwp%2Fv2%2Fmedia&parent=104"}],"curies":[{"name":"wp","href":"https:\/\/api.w.org\/{rel}","templated":true}]}}